 7, what is 32241026 + 2?
32241031
In base 7, what is 15044 - -5300?
23344
In base 3, what is 102102020011102 - -121?
102102020012000
In base 14, what is 5a - 8daa?
-8d50
In base 6, what is 14215321 + 151?
14215512
In base 6, what is -5122320 + 1524?
-5120352
In base 4, what is -103233331 - -1223?
-103232102
In base 11, what is -185a + -4118a?
-42a39
In base 13, what is 77a44c81 + -5?
77a44c79
In base 4, what is 3012302331 + -11330?
3012231001
In base 2, what is -100 + -111000111000110011001101?
-111000111000110011010001
In base 13, what is -2a1ac17 - 3?
-2a1ac1a
In base 4, what is -101 + 10322230031?
10322223330
In base 14, what is d4d9c5 - -b?
d4d9d2
In base 8, what is 4 - -77067503?
77067507
In base 11, what is -23820 - -139?
-23692
In base 5, what is 1222104 - -10412?
1233021
In base 5, what is 1113 - 113021311?
-113020143
In base 14, what is -23413a1 - 0?
-23413a1
In base 13, what is 76226 - 6?
76220
In base 2, what is 1001 + -1110001010110101111?
-1110001010110100110
In base 9, what is 1 - -4832701?
4832702
In base 2, what is 101110 - -1000111111001001101?
1000111111001111011
In base 7, what is -42055 - -1042?
-41013
In base 6, what is -230 - 12224140?
-12224410
In base 3, what is 222010 - -1120210120?
1121202200
In base 16, what is 3 - 172a497?
-172a494
In base 13, what is 78267 + -376?
77bc1
In base 8, what is -5 - 433670544?
-433670551
In base 6, what is 315 + 4510424?
4511143
In base 11, what is -37a3872 + 61?
-37a3811
In base 13, what is 13a6cb - 7?
13a6c4
In base 2, what is 1010111001000110011 - -100111111001?
1010111110000101100
In base 6, what is 14250445 - 42?
14250403
In base 3, what is -11 + -1100201022100112?
-1100201022100200
In base 15, what is 6a523 + 4?
6a527
In base 9, what is 55 - -18757563?
18757628
In base 4, what is 1333021033 - -2?
1333021101
In base 10, what is 2 + -7268445?
-7268443
In base 8, what is 4222 + 27660?
34102
In base 4, what is 10 - -110011221123?
110011221133
In base 10, what is 815156 + 5?
815161
In base 2, what is 100 + 1111010100000001010010011?
1111010100000001010010111
In base 12, what is 4a06 + -915?
40b1
In base 6, what is 4221 + -311452?
-303231
In base 15, what is 1c - -2b648?
2b665
In base 7, what is 4 - 125366046?
-125366042
In base 15, what is 7a - -109cc?
10a57
In base 14, what is -c37dd5c + 13?
-c37dd49
In base 12, what is -2 - 5961653?
-5961655
In base 5, what is -103314120 + -430?
-103320100
In base 4, what is 1232 - -212101111?
212103003
In base 5, what is 2201413 - -2112?
2204030
In base 6, what is 5353 - -42302?
52055
In base 2, what is 10001000111000010110101100010 - -11?
10001000111000010110101100101
In base 11, what is -12448 + 15a?
-12299
In base 11, what is -35a + 26736?
26387
In base 4, what is 232300 + -1010320012?
-1010021112
In base 10, what is 8082601 + 1?
8082602
In base 13, what is -33a - 701c8?
-70535
In base 16, what is -4 - 3286fe2?
-3286fe6
In base 7, what is -35 + 553026?
552661
In base 3, what is 1110120022 + -1020?
1110112002
In base 4, what is 20023002113002 - 2?
20023002113000
In base 13, what is 1 - -9210426?
9210427
In base 13, what is -9287c - 3a?
-928b9
In base 4, what is 12120132223 - 30?
12120132133
In base 9, what is -551660 + -140?
-551810
In base 15, what is 1070e + c14?
11423
In base 16, what is -2 - 160e6af?
-160e6b1
In base 7, what is 204130 + -136?
203661
In base 9, what is 162 - -271635?
271807
In base 5, what is -11123341000 - 10?
-11123341010
In base 8, what is 371016 + -116?
370700
In base 4, what is -33233002 - 2212?
-33301220
In base 6, what is 14342 - 522?
13420
In base 16, what is 1018b - -18f?
1031a
In base 3, what is 12120 + 221121012?
221210202
In base 9, what is -2132768378 + -1?
-2132768380
In base 12, what is 4 - 1b09b06?
-1b09b02
In base 8, what is -3514 + -1512321?
-1516035
In base 10, what is 91 + -447950?
-447859
In base 6, what is 125351000302 + 4?
125351000310
In base 6, what is -153133300 + -1?
-153133301
In base 12, what is -691b6 - -26?
-69190
In base 8, what is -106105 + -250?
-106355
In base 12, what is -21a961 + -84?
-21aa25
In base 8, what is 5 - -153330404?
153330411
In base 11, what is 2 + -7994265?
-7994263
In base 5, what is 1221 - -2012141200?
2012142421
In base 8, what is -3002 - 2712?
-5714
In base 9, what is 2432 + -20441?
-17008
In base 4, what is 331211132120 + -2?
331211132112
In base 11, what is -7 + -2956818?
-2956824
In base 2, what is -101 - -1111010001010011101101010?
1111010001010011101100101
In base 13, what is 49 + -38688?
-3863c
In base 8, what is -20062 + -2164?
-22246
In base 13, what is 8 + 397a3c7?
397a402
In base 14, what is 5 - -79dab5?
79daba
In base 14, what is 1 + -94265c4?
-94265c3
In base 3, what is 2101021222012 + -211?
2101021221101
In base 2, what is 1010000011101 - -10100011111111110?
10101110000011011
In base 5, what is 2110 - 220243231?
-220241121
In base 12, what is -290a3 + 1b?
-29084
In base 12, what is -28 - -862ba7?
862b7b
In base 11, what is 102a096 - a7?
1029a9a
In base 12, what is -178725 - -5?
-178720
In base 16, what is -1c3efc - -33?
-1c3ec9
In base 12, what is -2 + -4944355?
-4944357
In base 9, what is -316604 + -286?
-317001
In base 8, what is 211 - -4741?
5152
In base 7, what is 3621553 + 24?
3621610
In base 16, what is -1 - c5a5d5?
-c5a5d6
In base 2, what is -1011011 - 101110101100111101000?
-101110101101001000011
In base 10, what is 45 - -7721541?
7721586
In base 10, what is -396781 + 26?
-396755
In base 2, what is -110110100 - 11011101000000?
-11100011110100
In base 2, what is 1000001000110100101101 - -1?
1000001000110100101110
In base 3, what is 10100112011 - -1020?
10100120101
In base 8, what is -1 + -24230663?
-24230664
In base 7, what is -40 + 560252034?
560251664
In base 3, what is 11 + 211100122001210?
211100122001221
In base 7, what is 1033 + 3025214?
3026250
In base 4, what is 1012132 - -3132?
1021330
In base 15, what is 5bca3e6 + -5?
5bca3e1
In base 3, what is -11 + 102022200000111201?
102022200000111120
In base 6, what is -4 + -141222122?
-141222130
In base 13, what is -63047 - -7a?
-62c9a
In base 10, what is 1397 - -192266?
193663
In base 5, what is -111243134 + -11?
-111243200
In base 7, what is -224 + -455313?
-455540
In base 16, what is 10b0 + -8af?
801
In base 15, what is -1d + -3b7981?
-3b799e
In base 2, what is 100011100101111010000 + 100110?
100011100101111110110
In base 3, what is -1012 - -200010022102?
200010021020
In base 12, what is -4 - 341672a?
-3416732
In base 15, what is 98ce - 35?
9899
In base 14, what is 5 - 72a2a5?
-72a2a0
In base 15, what is 7207 - 134?
70c3
In base 16, what is 5 - 812c69?
-812c64
In base 10, what is 4 + -631311?
-631307
In base 11, what is 5 + -15a274074?
-15a27406a
In base 14, what is c16c - 37?
c135
In base 5, what is -24434 - 3121443?
-3201432
In base 9, what is 4 - 7726178?
-7726174
In base 5, what is 100 + -3113231123?
-3113231023
In base 15, what is -1b04ed + -d8?
-1b05d6
In base 14, what is -4 + -3236b7?
-3236bb
In base 16, what is 6a168b + -d?
6a167e
In base 16, what is 0 - 537f8f1?
-537f8f1
In base 13, what is -28cc59 - 9a?
-290026
In base 15, what is 24 - -a317a?
a319e
In base 16, what is -bfe29 - 5?
-bfe2e
In base 2, what is -11100001111110000001110111 - 110?
-11100001111110000001111101
In base 12, what is -52b36 + 18?
-52b1a
In base 2, what is -11101101 + 10011010011?
1111100110
In base 14, what is 10 - -1754?
1764
In base 5, what is 12012404123340 + 1?
12012404123341
In base 13, what is 2 - 14336bc?
-14336ba
In base 2, what is 100 + -1010000100100001110000110?
-1010000100100001110000010
In base 4, what is 3 + 1113101323221?
1113101323230
In base 13, what is 2 - -43450461?
43450463
In base 14, what is a7324 - -8a?
a73b0
In base 16, what is -1 + -1721775?
-1721776
In base 7, what is 1 + -2410463306?
-2410463305
In base 14, what is -82188 - 1b?
-821a5
In base 13, what is 1 + -483564a0?
-4835649c
In base 14, what is -4a9ca - -415?
-4a5b5
In base 11, what is a1 - -10655?
10746
In base 11, what is -145715 - -1?
-145714
In base 3, what is -10101011102220001010 + -2?
-10101011102220001012
In base 12, what is 308 - -4399b?
440a7
In base 7, what is 6 + -145430644?
-145430635
In base 9, what is -37733065 - -7?
-37733057
In base 12, what is 4b4 - -76531?
76a25
In base 16, what is b + 59dde?
59de9
In base 4, what is 1